{"id":112887,"date":"2026-04-30T11:18:07","date_gmt":"2026-04-30T14:18:07","guid":{"rendered":"https:\/\/coluna.edge-media.net\/apostas\/?page_id=112887"},"modified":"2026-05-01T14:31:23","modified_gmt":"2026-05-01T14:31:23","slug":"simulador","status":"publish","type":"page","link":"https:\/\/colunadofla.com\/apostas\/copa-do-mundo\/simulador\/","title":{"rendered":"Simulador da Copa do Mundo 2026: Teste as Possibilidades"},"content":{"rendered":"\n<p>O Simulador da Copa do Mundo 2026 \u00e9 uma ferramenta interativa criada pelos especialistas da Coluna do Fla Apostas. Com ela, voc\u00ea pode trilhar o caminho das principais sele\u00e7\u00f5es at\u00e9 a final e entender chaveamento, mata-mata e comparar cen\u00e1rios para apostas mais acertadas. Conhe\u00e7a a ferramenta!<\/p>\n\n\n\n<h2 class=\"wp-block-heading\">Simulador da Copa do Mundo 2026<\/h2>\n\n\n\n<p>O Simulador da Copa do Mundo 2026 \u00e9 seu aliado para previs\u00e3o de cen\u00e1rios. Ele foi totalmente desenvolvido seguindo as novas regras da <a href=\"https:\/\/colunadofla.com\/apostas\/copa-do-mundo\/\" target=\"_blank\" data-type=\"link\" data-id=\"https:\/\/colunadofla.com\/apostas\/copa-do-mundo\/\" rel=\"noreferrer noopener\">Copa do Mundo<\/a>. Basta selecionar seu favorito para cada grupo e depois em cada mata-mata e seguir a trilha at\u00e9 a final.<\/p>\n\n\n\n<div style=\"position:relative;width:100%;max-width:900px;margin:0 auto;\">\n  <iframe\n    id=\"wc26-simulator\"\n    src=\"https:\/\/worldcup-simulator.vercel.app\"\n    style=\"width:100%;height:1200px;border:0;border-radius:16px;background:#0A0A0A;display:block;\"\n    loading=\"lazy\"\n    allow=\"clipboard-write; web-share\"\n    title=\"Simulador Copa do Mundo 2026\"\n  ><\/iframe>\n<\/div>\n\n<script>\n(function() {\n  window.addEventListener(\"message\", function(e) {\n    if (e.origin !== \"https:\/\/worldcup-simulator.vercel.app\") return;\n    if (e.data && e.data.type === \"wc26-resize\") {\n      var iframe = document.getElementById(\"wc26-simulator\");\n      if (iframe) iframe.style.height = (e.data.height + 30) + \"px\";\n    }\n    if (e.data && e.data.type === \"wc26-event\" && window.dataLayer) {\n      window.dataLayer.push({ event: e.data.event, ...e.data.params });\n    }\n  });\n})();\n<\/script>\n\n\n\n<h2 class=\"wp-block-heading\">Como funciona o Simulador da Copa do Mundo 2026?<\/h2>\n\n\n\n<p>O Simulador da Copa do Mundo 2026 desenvolvido exclusivamente pelo time de especialistas em apostas da Coluna do Fla \u00e9 muito f\u00e1cil de usar. <\/p>\n\n\n\n<p>Nas primeiras telas, voc\u00ea ir\u00e1 <strong>soltar e arrastar para definir o posicionamento das sele\u00e7\u00f5es dentro de cada grupo<\/strong>. Definindo quem ser\u00e1 cabe\u00e7a de chave, quem ficar\u00e1 em segundo e quem ir\u00e1 para a repescagem.<\/p>\n\n\n\n<p>Na segunda parte, estar\u00e3o definidos os confrontos de acordo com as classifica\u00e7\u00f5es que voc\u00ea selecionou. Ent\u00e3o, basta <strong>clicar em qual sele\u00e7\u00e3o voc\u00ea acredita que vencer\u00e1 a partida e seguir\u00e1 adiante.<\/strong> Fa\u00e7a essa escolha at\u00e9 a grande final e voc\u00ea ter\u00e1 a simula\u00e7\u00e3o do vencedor. <\/p>\n\n\n\n<h3 class=\"wp-block-heading\">Para que serve o Simulador de jogos da Copa do Mundo?<\/h3>\n\n\n\n<p>O Simulador \u00e9 um grande aliado para seus <a href=\"https:\/\/colunadofla.com\/apostas\/palpites\/copa-do-mundo-2026\/\" target=\"_blank\" data-type=\"link\" data-id=\"https:\/\/colunadofla.com\/apostas\/palpites\/copa-do-mundo-2026\/\" rel=\"noreferrer noopener\">palpites da Copa do Mundo 2026<\/a>. Afinal, ajuda voc\u00ea a <strong>analisar a trajet\u00f3ria poss\u00edvel de cada sele\u00e7\u00e3o<\/strong>, considerando o posicionamento inicial na fase de grupos e a defini\u00e7\u00e3o posterior em cada mata-mata. <\/p>\n\n\n\n<p>Com ele, voc\u00ea consegue<strong> definir o caminho de cada uma das Sele\u00e7\u00f5es e entender o que elas precisam percorrer e quais advers\u00e1rios podem ter que enfrentar <\/strong>at\u00e9 a final. Tamb\u00e9m \u00e9 uma forma de simular os poss\u00edveis embates das fases de mata-mata dependendo da posi\u00e7\u00e3o de cada equipe na fase de grupos.<\/p>\n\n\n\n<p>Al\u00e9m disso, torna mais f\u00e1cil a compreens\u00e3o da nova fase da Copa do Mundo de 2026, a fase de Dezesseis-Avos. <\/p>\n\n\n\n<h3 class=\"wp-block-heading\">Quais as vantagens de usar o Simular da Copa do Mundo 2026?<\/h3>\n\n\n\n<ul class=\"wp-block-list\">\n<li><strong>Simular<\/strong> diferentes cen\u00e1rios e jogos<\/li>\n\n\n\n<li>Entender o <strong>caminho<\/strong> que cada Sele\u00e7\u00e3o deve percorrer at\u00e9 a final<\/li>\n\n\n\n<li>Tomar <strong>decis\u00f5es mais acertadas<\/strong> e fazer palpites mais embasados<\/li>\n\n\n\n<li>Entender <strong>quais advers\u00e1rios o Brasil<\/strong> e outras Sele\u00e7\u00f5es podem ter em cada fase da Copa do Mundo<\/li>\n\n\n\n<li>Fazer<strong> apostas mais t\u00e9cnicas e embasadas<\/strong>, com uma vis\u00e3o clara de cada poss\u00edvel cen\u00e1rio<\/li>\n<\/ul>\n\n\n\n<h2 class=\"wp-block-heading\">Por que usar o Simulador da Copa do Mundo 2026 da Coluna do Fla?<\/h2>\n\n\n\n<p>O Simulador de jogos da Copa do Mundo 2026 produzido pela Coluna do Fla \u00e9 o \u00fanico em que voc\u00ea consegue <strong>definir a posi\u00e7\u00e3o de cada Sele\u00e7\u00e3o na fase de grupos.<\/strong> Um diferencial essencial para a defini\u00e7\u00e3o dos confrontos na fase Dezesseis-Avos e em cada mata-mata posterior. <\/p>\n\n\n\n<p>Isso permite que voc\u00ea <strong>crie m\u00faltiplas combina\u00e7\u00f5es e cen\u00e1rios<\/strong>, trazendo uma vis\u00e3o clara e personalizada de cada alternativa.<\/p>\n\n\n\n<p>Al\u00e9m disso, o Simulador da Copa criado pela Coluna do Fla traz a <strong>indica\u00e7\u00e3o de porcentagem de chances para que cada situa\u00e7\u00e3o aconte\u00e7a<\/strong>, baseada em an\u00e1lise estat\u00edsticas e informa\u00e7\u00f5es atualizadas sobre cada equipe. <\/p>\n\n\n\n<p>E, por fim, o <strong>nosso Simulador \u00e9 totalmente gratuito, f\u00e1cil de usar e funciona tanto em vers\u00f5es desktop, como mobile.<\/strong> Basta clicar e come\u00e7ar a simular a trajet\u00f3ria de todas as equipes na Copa do Mundo 2026. <\/p>\n\n\n\n<h2 class=\"wp-block-heading\">Quais s\u00e3o as Sele\u00e7\u00f5es mais cotadas nas Plataformas Bet para a Copa do Mundo 2026?<\/h2>\n\n\n\n<p>Aqui, na Coluna do Fla, n\u00f3s j\u00e1 fizemos uma an\u00e1lise detalhada de quais s\u00e3o os <strong><a href=\"https:\/\/colunadofla.com\/apostas\/copa-do-mundo\/favoritos\/\" data-type=\"link\" data-id=\"https:\/\/colunadofla.com\/apostas\/copa-do-mundo\/favoritos\/\">favoritos da Copa do Mundo 2026<\/a><\/strong>, cruzando dados de diferentes fontes e trazendo nosso insight \u00fanico para tentar prever os desdobramentos do mundial. <\/p>\n\n\n\n<p>De acordo com nossa an\u00e1lise, as equipes com maiores chances de levantar a Ta\u00e7a s\u00e3o:<\/p>\n\n\n\n<figure class=\"wp-block-table is-style-stripes\"><table class=\"has-fixed-layout mtr-table mtr-tr-td\"><tbody><tr><td class=\"has-text-align-center mtr-td-tag\" data-align=\"center\" data-mtr-content=\"Sele\u00e7\u00e3o\"><div class=\"mtr-cell-content\"><strong>Sele\u00e7\u00e3o<\/strong><\/div><\/td><td class=\"has-text-align-center mtr-td-tag\" data-align=\"center\" data-mtr-content=\"Odds\u00a0M\u00e9dia\"><div class=\"mtr-cell-content\"><strong>Odds\u00a0M\u00e9dia<\/strong><\/div><\/td><td class=\"has-text-align-center mtr-td-tag\" data-align=\"center\" data-mtr-content=\"Probabilidade Opta\"><div class=\"mtr-cell-content\"><strong>Probabilidade Opta<\/strong><\/div><\/td><td class=\"has-text-align-center mtr-td-tag\" data-align=\"center\" data-mtr-content=\"Ranking FIFA\"><div class=\"mtr-cell-content\"><strong>Ranking FIFA<\/strong><\/div><\/td><td class=\"has-text-align-center mtr-td-tag\" data-align=\"center\" data-mtr-content=\"Vantagem diferencial\"><div class=\"mtr-cell-content\"><strong>Vantagem diferencial<\/strong><\/div><\/td><\/tr><tr><td class=\"has-text-align-center mtr-td-tag\" data-align=\"center\" data-mtr-content=\"Sele\u00e7\u00e3o\"><div class=\"mtr-cell-content\">Espanha<\/div><\/td><td class=\"has-text-align-center mtr-td-tag\" data-align=\"center\" data-mtr-content=\"Odds\u00a0M\u00e9dia\"><div class=\"mtr-cell-content\">5.50<\/div><\/td><td class=\"has-text-align-center mtr-td-tag\" data-align=\"center\" data-mtr-content=\"Probabilidade Opta\"><div class=\"mtr-cell-content\">17%<\/div><\/td><td class=\"has-text-align-center mtr-td-tag\" data-align=\"center\" data-mtr-content=\"Ranking FIFA\"><div class=\"mtr-cell-content\">1\u00ba<\/div><\/td><td class=\"has-text-align-center mtr-td-tag\" data-align=\"center\" data-mtr-content=\"Vantagem diferencial\"><div class=\"mtr-cell-content\">Principal favorita<\/div><\/td><\/tr><tr><td class=\"has-text-align-center mtr-td-tag\" data-align=\"center\" data-mtr-content=\"Sele\u00e7\u00e3o\"><div class=\"mtr-cell-content\">Fran\u00e7a<\/div><\/td><td class=\"has-text-align-center mtr-td-tag\" data-align=\"center\" data-mtr-content=\"Odds\u00a0M\u00e9dia\"><div class=\"mtr-cell-content\">8.00<\/div><\/td><td class=\"has-text-align-center mtr-td-tag\" data-align=\"center\" data-mtr-content=\"Probabilidade Opta\"><div class=\"mtr-cell-content\">14,1%<\/div><\/td><td class=\"has-text-align-center mtr-td-tag\" data-align=\"center\" data-mtr-content=\"Ranking FIFA\"><div class=\"mtr-cell-content\">3\u00ba<\/div><\/td><td class=\"has-text-align-center mtr-td-tag\" data-align=\"center\" data-mtr-content=\"Vantagem diferencial\"><div class=\"mtr-cell-content\">Elenco mais profundo<\/div><\/td><\/tr><tr><td class=\"has-text-align-center mtr-td-tag\" data-align=\"center\" data-mtr-content=\"Sele\u00e7\u00e3o\"><div class=\"mtr-cell-content\">Inglaterra<\/div><\/td><td class=\"has-text-align-center mtr-td-tag\" data-align=\"center\" data-mtr-content=\"Odds\u00a0M\u00e9dia\"><div class=\"mtr-cell-content\">7.00<\/div><\/td><td class=\"has-text-align-center mtr-td-tag\" data-align=\"center\" data-mtr-content=\"Probabilidade Opta\"><div class=\"mtr-cell-content\">11,8%<\/div><\/td><td class=\"has-text-align-center mtr-td-tag\" data-align=\"center\" data-mtr-content=\"Ranking FIFA\"><div class=\"mtr-cell-content\">4\u00ba<\/div><\/td><td class=\"has-text-align-center mtr-td-tag\" data-align=\"center\" data-mtr-content=\"Vantagem diferencial\"><div class=\"mtr-cell-content\">Tuchel como diferencial<\/div><\/td><\/tr><tr><td class=\"has-text-align-center mtr-td-tag\" data-align=\"center\" data-mtr-content=\"Sele\u00e7\u00e3o\"><div class=\"mtr-cell-content\">Argentina<\/div><\/td><td class=\"has-text-align-center mtr-td-tag\" data-align=\"center\" data-mtr-content=\"Odds\u00a0M\u00e9dia\"><div class=\"mtr-cell-content\">9.00<\/div><\/td><td class=\"has-text-align-center mtr-td-tag\" data-align=\"center\" data-mtr-content=\"Probabilidade Opta\"><div class=\"mtr-cell-content\">8,7%<\/div><\/td><td class=\"has-text-align-center mtr-td-tag\" data-align=\"center\" data-mtr-content=\"Ranking FIFA\"><div class=\"mtr-cell-content\">2\u00ba<\/div><\/td><td class=\"has-text-align-center mtr-td-tag\" data-align=\"center\" data-mtr-content=\"Vantagem diferencial\"><div class=\"mtr-cell-content\">Atual campe\u00e3<\/div><\/td><\/tr><tr><td class=\"has-text-align-center mtr-td-tag\" data-align=\"center\" data-mtr-content=\"Sele\u00e7\u00e3o\"><div class=\"mtr-cell-content\">Alemanha<\/div><\/td><td class=\"has-text-align-center mtr-td-tag\" data-align=\"center\" data-mtr-content=\"Odds\u00a0M\u00e9dia\"><div class=\"mtr-cell-content\">13.00<\/div><\/td><td class=\"has-text-align-center mtr-td-tag\" data-align=\"center\" data-mtr-content=\"Probabilidade Opta\"><div class=\"mtr-cell-content\">7,1%<\/div><\/td><td class=\"has-text-align-center mtr-td-tag\" data-align=\"center\" data-mtr-content=\"Ranking FIFA\"><div class=\"mtr-cell-content\">9\u00ba<\/div><\/td><td class=\"has-text-align-center mtr-td-tag\" data-align=\"center\" data-mtr-content=\"Vantagem diferencial\"><div class=\"mtr-cell-content\">Renova\u00e7\u00e3o Wirtz\/Musiala<\/div><\/td><\/tr><tr><td class=\"has-text-align-center mtr-td-tag\" data-align=\"center\" data-mtr-content=\"Sele\u00e7\u00e3o\"><div class=\"mtr-cell-content\">Portugal<\/div><\/td><td class=\"has-text-align-center mtr-td-tag\" data-align=\"center\" data-mtr-content=\"Odds\u00a0M\u00e9dia\"><div class=\"mtr-cell-content\">11.00<\/div><\/td><td class=\"has-text-align-center mtr-td-tag\" data-align=\"center\" data-mtr-content=\"Probabilidade Opta\"><div class=\"mtr-cell-content\">6,6%<\/div><\/td><td class=\"has-text-align-center mtr-td-tag\" data-align=\"center\" data-mtr-content=\"Ranking FIFA\"><div class=\"mtr-cell-content\">6\u00ba<\/div><\/td><td class=\"has-text-align-center mtr-td-tag\" data-align=\"center\" data-mtr-content=\"Vantagem diferencial\"><div class=\"mtr-cell-content\">Elenco mais t\u00e9cnico da Europa<\/div><\/td><\/tr><tr><td class=\"has-text-align-center mtr-td-tag\" data-align=\"center\" data-mtr-content=\"Sele\u00e7\u00e3o\"><div class=\"mtr-cell-content\">Brasil<\/div><\/td><td class=\"has-text-align-center mtr-td-tag\" data-align=\"center\" data-mtr-content=\"Odds\u00a0M\u00e9dia\"><div class=\"mtr-cell-content\">9.00<\/div><\/td><td class=\"has-text-align-center mtr-td-tag\" data-align=\"center\" data-mtr-content=\"Probabilidade Opta\"><div class=\"mtr-cell-content\">5,6%<\/div><\/td><td class=\"has-text-align-center mtr-td-tag\" data-align=\"center\" data-mtr-content=\"Ranking FIFA\"><div class=\"mtr-cell-content\">5\u00ba<\/div><\/td><td class=\"has-text-align-center mtr-td-tag\" data-align=\"center\" data-mtr-content=\"Vantagem diferencial\"><div class=\"mtr-cell-content\">7\u00ba no modelo Opta<\/div><\/td><\/tr><\/tbody><\/table><\/figure>\n\n\n\n<p>Essas odds foram colhidas no momento da publica\u00e7\u00e3o desse artigo e como os times ainda n\u00e3o t\u00eam escala\u00e7\u00e3o definida, tudo pode mudar nesses dias que antecedem a Copa do Mundo 2026.<\/p>\n\n\n\n<p>Por isso, continue de olho nas not\u00edcias e nos palpites dos nossos especialistas. E, claro, use o nosso Simulador da Copa do Mundo para entender a trajet\u00f3ria poss\u00edvel de cada uma das equipes e embasar seus palpites, seja para apostar nas <strong><a href=\"https:\/\/colunadofla.com\/apostas\/copa-do-mundo\/melhores-sites\/\" data-type=\"link\" data-id=\"https:\/\/colunadofla.com\/apostas\/copa-do-mundo\/melhores-sites\/\">melhores casas de apostas para a Copa do Mundo<\/a><\/strong> ou no bol\u00e3o da sua empresa, fam\u00edlia e grupo de amigos, por exemplo. <\/p>\n\n\n\n<h2 class=\"wp-block-heading\">Perguntas Frequentes<\/h2>\n\n\n<div id=\"rank-math-faq\" class=\"rank-math-block\">\n<div class=\"rank-math-list \">\n<div id=\"faq-question-1777557230363\" class=\"rank-math-list-item\">\n<h3 class=\"rank-math-question \">O que \u00e9 o Simulador de Jogos da Copa do Mundo 2026?<\/h3>\n<div class=\"rank-math-answer \">\n\n<p>O Simulador de Jogos da Copa do Mundo 2026 da Coluna do Fla \u00e9 um modo interativo de entender as poss\u00edveis configura\u00e7\u00f5es e o caminho de cada sele\u00e7\u00e3o at\u00e9 a grande final. Voc\u00ea pode definir a posi\u00e7\u00e3o das equipes na fase de grupos e o vencedor de cada confronto nas fases de mata-mata.<\/p>\n\n<\/div>\n<\/div>\n<div id=\"faq-question-1777557348078\" class=\"rank-math-list-item\">\n<h3 class=\"rank-math-question \">O Simulador da Copa do Mundo da Coluna do Fla \u00e9 gr\u00e1tis?<\/h3>\n<div class=\"rank-math-answer \">\n\n<p>Sim, o Simulador da Copa da Coluna do Fla \u00e9 totalmente gratuito. Voc\u00ea n\u00e3o precisa fazer nenhum registro, basta clicar logo acima e come\u00e7ar a definir as classifica\u00e7\u00f5es de cada grupo. <\/p>\n\n<\/div>\n<\/div>\n<div id=\"faq-question-1777557395287\" class=\"rank-math-list-item\">\n<h3 class=\"rank-math-question \">Quais as vantagens do Simulador da Copa do Mundo da Coluna do Fla?<\/h3>\n<div class=\"rank-math-answer \">\n\n<p>Diferente dos simuladores do GE e outros sites, nossa ferramenta permite que voc\u00ea defina a ordem de classifica\u00e7\u00e3o de cada equipe dentro da fase de grupos (incluindo cabe\u00e7a de chave, segundo lugar e terceiro lugar para a repescagem). Isso muda totalmente a configura\u00e7\u00e3o da fase Dezesseis Avos e permite combina\u00e7\u00f5es mais personalizadas.<\/p>\n\n<\/div>\n<\/div>\n<div id=\"faq-question-1777557472359\" class=\"rank-math-list-item\">\n<h3 class=\"rank-math-question \">Como fa\u00e7o para usar o Simulador da Copa?<\/h3>\n<div class=\"rank-math-answer \">\n\n<p>Para usar o Simulador da Copa acesse essa p\u00e1gina e clique para Come\u00e7ar. Na sequ\u00eancia, use o clique e arraste para definir a posi\u00e7\u00e3o das sele\u00e7\u00f5es na fase de grupos. Depois \u00e9 s\u00f3 clicar sobre a sele\u00e7\u00e3o que voc\u00ea acredita ser\u00e1 a vencedora de cada embate at\u00e9 a grande final. <\/p>\n\n<\/div>\n<\/div>\n<div id=\"faq-question-1777557529423\" class=\"rank-math-list-item\">\n<h3 class=\"rank-math-question \">Posso usar o simulador para prever o caminho do Brasil na Copa do Mundo 2026?<\/h3>\n<div class=\"rank-math-answer \">\n\n<p>Sim, o Simulador \u00e9 o seu aliado para entender as diferentes trajet\u00f3rias que o Brasil ter\u00e1 at\u00e9 chegar a uma poss\u00edvel final na Copa do Mundo 2026, incluindo os advers\u00e1rios prov\u00e1veis. <\/p>\n\n<\/div>\n<\/div>\n<\/div>\n<\/div>","protected":false},"excerpt":{"rendered":"<p>O Simulador da Copa do Mundo 2026 \u00e9 uma ferramenta interativa criada pelos especialistas da Coluna do Fla Apostas. Com ela, voc\u00ea pode trilhar o caminho das principais sele\u00e7\u00f5es at\u00e9 a final e entender chaveamento, mata-mata e comparar cen\u00e1rios para apostas mais acertadas. Conhe\u00e7a a ferramenta! Simulador da Copa do Mundo 2026 O Simulador da [&hellip;]<\/p>\n","protected":false},"author":4,"featured_media":112905,"parent":107958,"menu_order":0,"comment_status":"closed","ping_status":"closed","template":"page-style4-no-sidebar.php","meta":{"_eb_attr":"","footnotes":""},"class_list":["post-112887","page","type-page","status-publish","has-post-thumbnail","hentry"],"_links":{"self":[{"href":"https:\/\/colunadofla.com\/apostas\/wp-json\/wp\/v2\/pages\/112887","targetHints":{"allow":["GET"]}}],"collection":[{"href":"https:\/\/colunadofla.com\/apostas\/wp-json\/wp\/v2\/pages"}],"about":[{"href":"https:\/\/colunadofla.com\/apostas\/wp-json\/wp\/v2\/types\/page"}],"author":[{"embeddable":true,"href":"https:\/\/colunadofla.com\/apostas\/wp-json\/wp\/v2\/users\/4"}],"replies":[{"embeddable":true,"href":"https:\/\/colunadofla.com\/apostas\/wp-json\/wp\/v2\/comments?post=112887"}],"version-history":[{"count":2,"href":"https:\/\/colunadofla.com\/apostas\/wp-json\/wp\/v2\/pages\/112887\/revisions"}],"predecessor-version":[{"id":112901,"href":"https:\/\/colunadofla.com\/apostas\/wp-json\/wp\/v2\/pages\/112887\/revisions\/112901"}],"up":[{"embeddable":true,"href":"https:\/\/colunadofla.com\/apostas\/wp-json\/wp\/v2\/pages\/107958"}],"wp:featuredmedia":[{"embeddable":true,"href":"https:\/\/colunadofla.com\/apostas\/wp-json\/wp\/v2\/media\/112905"}],"wp:attachment":[{"href":"https:\/\/colunadofla.com\/apostas\/wp-json\/wp\/v2\/media?parent=112887"}],"curies":[{"name":"wp","href":"https:\/\/api.w.org\/{rel}","templated":true}]}}